 = 1197. Let m = z - -155. List the prime factors of m.
2, 11
Let f(b) = -7*b + 101. Let x be f(14). Suppose -10*z = -5*z - o - 849, -847 = -5*z + x*o. List the prime factors of z.
2, 5, 17
Suppose -r = 1, -3*h + 2*r - 53 = 2*h. Let n(i) = i**2 + 10*i - 7. Let a be n(h). What are the prime factors of 1*-9*(a + -29)?
3, 5
Let w(g) = -4*g**3 - 16*g**2 + 15*g + 256. What are the prime factors of w(-13)?
5, 1229
Let f = 9 + -10. Let v be -3 + (f + 2 + 214 - -3). Suppose -59 + v = 4*y. List the prime factors of y.
3, 13
Suppose 0 = 4*z - 9*z - 70. Suppose -2*m + 211 = -3*x, 308 = 3*m - 0*m + 4*x. Let y = m + z. What are the prime factors of y?
2, 3, 5
Let z(f) = -48*f - 14. Let h(w) = w - 13. Let x be h(0). Let b = x + 9. List the prime factors of z(b).
2, 89
Suppose -1453681 = -152*x + 594823. What are the prime factors of x?
13477
Suppose 0 = -7723*k + 7744*k - 474159. What are the prime factors of k?
67, 337
Suppose 4*z - 505 = 7735. Suppose -17*o - z = -6769. List the prime factors of o.
277
Suppose 0 = -19*x - 10*x + 491608. What are the prime factors of x?
2, 13, 163
Suppose 639*v + 13688 = 614*v + 311513. What are the prime factors of v?
3, 11, 19
Let q(u) = 5*u - 3. Let h be q(-1). Let s = h - -17. Suppose 0 = 2*j + 1 - s. What are the prime factors of j?
2
Suppose 5*i - 4*x = 31846, -3*i = -2*i + x - 6371. Suppose -14*g + 49*g = i. List the prime factors of g.
2, 7, 13
Let v be (61 - 225)/((-1)/(-6)). Let n = v - -1516. What are the prime factors of n?
2, 7, 19
Suppose -5*u + 28*x - 27*x + 2931 = 0, 0 = -3*x + 12. List the prime factors of u.
587
Let h = 144 + -165. What are the prime factors of 24/84 + 0 + (-11901)/h?
3, 7
Let u = -34407 + 41215. What are the prime factors of u?
2, 23, 37
Let h(i) = 2*i**2 - 9*i - 5. Let y be h(5). Suppose y = -1603*d + 1605*d - 502. What are the prime factors of d?
251
Suppose -p + 10 = -2*y, -3*y = -3*p - 8*y - 25. Suppose -9*h + 5247 - 1746 = p. Suppose h = 2*i + 83. What are the prime factors of i?
3, 17
Suppose -122*u + 117*u + 10 = 0. What are the prime factors of ((-250)/(-10))/(u/6) + 5?
2, 5
Suppose 2*w = -5*x - 201, 2*w + 126 = -3*x - w. Let r = -37 - x. Suppose -r*h - 17 - 13 = -m, -3*h = 12. List the prime factors of m.
2, 11
Let u = -6763 - -8395. What are the prime factors of u?
2, 3, 17
Let z(j) = j**2 - 2*j - 9. Let i = -54 + 59. Let w be z(i). What are the prime factors of ((-1074)/3)/(4 - w)?
179
Let c be (15 - (15 - 7)) + -4. Suppose -4*k = c*d - 3950, -k - 1685 = -2*d + 963. What are the prime factors of d?
2, 661
Suppose -3*t = 15, -4*t - 16 = 4*b + 4. Suppose 2*n - 5*q - 201 = b, 0 = -5*n + 6*n - 5*q - 103. What are the prime factors of n?
2, 7
Suppose -51*i + 52*i - 17971 = -d, -89861 = -5*i - 2*d. List the prime factors of i.
3, 1997
Let b(z) = -5*z - 3. Let m be b(-7). Suppose -h + 3 = -n, -3*n - 11 = 2*h - m. Suppose -h*d + 117 = -363. List the prime factors of d.
2, 5
Suppose -69*m - 1755 = -64*m. Let o = 429 + m. List the prime factors of o.
2, 3, 13
Let c be 0 - -839 - (5 - (-13 - -21)). Let w = c - 727. What are the prime factors of w?
5, 23
Let c be 0 - (295/1 - -1). Let d = c - -639. List the prime factors of d.
7
Suppose 173 = 5*y - 2*b, 4*y + 4*b - 148 + 32 = 0. Suppose y*w - 31*w = 684. What are the prime factors of w?
2, 3, 19
Suppose 5*m + 45 - 150 = 0. Let y be (-10)/(-16) - m/(-56). List the prime factors of 68/(-17) + y + 73.
2, 5, 7
Suppose -3*t + 154 = 2*h, 5*t - 6*t + 38 = -2*h. Suppose 5*i - t = -3*s, -3*i - 80 = -5*s - 5*i. List the prime factors of s.
2
Suppose 13409 = 4*r - 3*r - 2*n, 3*n = 2*r - 26820. Suppose 206*i = 189*i + r. What are the prime factors of i?
3, 263
Let v(b) = -52*b**3 - 4*b - 30. What are the prime factors of v(-7)?
2, 37, 241
Let p = 1331 - 706. Let d = -285 + p. What are the prime factors of d?
2, 5, 17
Let q(d) = 5*d**2 + d + 4. Let y be q(2). Let t = y - 24. Suppose 9*l - 4*l = -4*n + 927, -3*n - t*l = -697. What are the prime factors of n?
233
Let x(m) = 4*m**2 - 12*m + 5. Let o = -31 - -35. Let h be x(o). Suppose -2*z = 4*y + 10, 4*y + 1 = 2*z - h. What are the prime factors of z?
3
Suppose 110*c = 495758 + 1198242. List the prime factors of c.
2, 5, 7, 11
Let m(n) = n + 410. Suppose 23 = 5*a + 23. Let b be m(a). Suppose 0 = -4*k - 4*c - b + 1106, -2*k - 4*c + 340 = 0. List the prime factors of k.
2, 89
What are the prime factors of 101 + 16275 + -2*(-5)/8*4?
16381
Suppose 600 + 146795 = 27*n + 14*n. What are the prime factors of n?
5, 719
Let s = 3198 + -1291. List the prime factors of s.
1907
Suppose -5*v + 25*b = 27*b - 46581, -4*b + 37272 = 4*v. List the prime factors of v.
3, 5, 23
Suppose 0*x - 2*x = -4, 5*l - 2815 = -5*x. Let r = l - 244. List the prime factors of r.
317
Let y be 43/(-3)*-3*(-5 + 6). Suppose 11*a + 14752 = y*a. List the prime factors of a.
461
Suppose 0 = -2*s + 4*g + 72, 0 = -3*s + 7*s + 3*g - 155. Let y = 1898 + -1866. Suppose -156 = y*v - s*v. What are the prime factors of v?
2, 13
Let t = 24185 - 6900. What are the prime factors of t?
5, 3457
Suppose -23 + 5 = -3*j. Suppose 12 = -j*i + 42. Suppose -5*f - i*p = -65, 5*p = -0*p - 20. What are the prime factors of f?
17
Let m(l) = 29*l**3 - 4*l + 6. Suppose 38*c + 6 = 41*c. What are the prime factors of m(c)?
2, 5, 23
Let f = 298 - 132. Let w = -80 + f. Let x = w - 63. List the prime factors of x.
23
List the prime factors of (56 + 1 - (-2 - -6))/((-1)/(-1059)).
3, 53, 353
Suppose -c + 6*c - 63 = 3*h, c + 3*h = 27. Let x be 342/15 + 3/c. Let w = 62 - x. List the prime factors of w.
3, 13
Let u(o) = -7407*o + 1132. List the prime factors of u(-3).
11, 193
Let y(o) = -97*o - 35. Let b be y(-16). Suppose b = 3*i + 8. Let f = i - 307. List the prime factors of f.
2, 7
Let g(v) = 48*v**3 - 17*v**2 - 2*v + 7. Let r be g(-3). Let n = r + 2244. What are the prime factors of n?
2, 101
Let u(k) = 78*k**2 - 34*k + 1513. What are the prime factors of u(25)?
3, 7, 13, 181
Let h(q) = q + 3. Let y be h(21). Let l = 27 - y. Suppose -l*n = -4*n + 71. List the prime factors of n.
71
What are the prime factors of ((-55427)/2 - (5 - 0))*22/(-11)?
3, 17, 1087
Let u(w) = -w**3 + 7*w**2 - 9*w + 24. Let f be u(6). Suppose 5*y = 10, 5*n - 5*y - 1787 = -f*y. Let t = -222 + n. List the prime factors of t.
3, 5
Let x(h) = 6*h + 26. Let w = 34 + -26. Let p be x(w). Suppose -t + 35 = -p. List the prime factors of t.
109
Let s(z) = 322*z**3 - 19*z**2 + 73*z + 16. What are the prime factors of s(5)?
2, 10039
Suppose 0 = 4*j + 20, 3*r - 4*j - 1559 = -9*j. List the prime factors of r + 0 + 12 + -14.
2, 263
Suppose -7*t - 918490 = -113*t. What are the prime factors of t?
5, 1733
Suppose 58*h - 56*h - 14634 = -5*n, -n + 14650 = 2*h. List the prime factors of h.
17, 431
Suppose 5*t - 13424 = -4*o, -11*t = -8*t + o - 8053. Let k = t - 1703. What are the prime factors of k?
3, 109
Let s = -163 + 166. Suppose 5*i + 1441 = 4*a, -958 - 89 = -s*a - 3*i. What are the prime factors of a?
2, 3, 59
Let w = 63 - 63. Suppose -8*f + 3*f = 4*r + 335, 2*r - 10 = w. Let z = 123 + f. List the prime factors of z.
2, 13
Suppose -65 = -6*j - 47. Suppose -3*s - 5*n + 108 = -208, -4*s = -j*n - 460. List the prime factors of s.
2, 7
Let t = -61 - -148. Suppose -t - 844 = -n. Suppose 0 = -6*v + 185 + n. What are the prime factors of v?
2, 3, 31
Suppose 34 = 3*s + 2*q, 2*q + 0 + 38 = 3*s. What are the prime factors of (-1 + 28/s)*537?
2, 179
Let m = -5726 - -13228. What are the prime factors of m?
2, 11, 31
Let h(z) be the third derivative of -z**6/120 + z**5/60 + 11*z**4/6 + 3*z**3/2 + 59*z**2. List the prime factors of h(-8).
233
Let q(o) = 2*o**2 - 4*o + 3. Suppose y - 4*m - 27 = 0, 72 = -y + 6*y + m. Suppose -30*k = -27*k + y. List the prime factors of q(k).
73
Suppose u + 80 = 948. Let l = -570 + u. What are the prime factors of l?
2, 149
Suppose 4*t - 2*n - 65252 = 0, 5*n = -2*t + 9312 + 23266. List the prime factors of t.
47, 347
Suppose 307*b + 104247 = 320*b. List the prime factors of b.
3, 11
Let s(z) = z - 6. Let v be s(8). Suppose -g + 17 = 2*d, -v*g - 3*d + 31 = -0*d. Let n(u) = 5*u + 3. List the prime factors of n(g).
2, 29
Let t = 228 - 23. Let s(r) = -16*r - 2. Let f be s(6). Let d = f + t. What are the prime factors of d?
107
Suppose -5*q = 15*q. Suppose q = -4*t + 3*t + 2*d + 349, -4*d - 359 = -t